+ 2*(-1)/2. What is the highest common factor of o and p?
1
Let k(i) = 10*i**2 + 2*i + 1. Let y be k(-1). Let s be (-8)/(-4)*(-2 + 0). Let o be 33/(-44)*(s - 0). Calculate the highest common divisor of o and y.
3
Let r be (0/(-2) + 0)/2. Let q = r + 0. Suppose -23 = -o - 0*o - 5*i, 2*o + 3*i - 18 = q. What is the highest common factor of 21 and o?
3
Let g(v) = v**2 + 27*v + 30. Let i be g(-31). What is the highest common factor of 14 and i?
14
Suppose -3*g + 6*g = 180. Calculate the greatest common divisor of g and 24.
12
Let a be 8 - 11 - 6/2. Let m(g) = 5*g**2 + 6*g. Let w be m(a). Calculate the highest common factor of 16 and w.
16
Let x be 303/27 + 4/(-18). Let r = x - -4. Calculate the highest common divisor of 60 and r.
15
Let d be (-73)/(-5) + 4/10. Suppose 0 = 4*a + 6 - 26. Suppose -a*i = -20 - d. What is the greatest common factor of i and 21?
7
Suppose -2*y + 37 = o, y + 6*o - o = 41. What is the greatest common factor of 32 and y?
16
Let c(b) = 15*b + 5. Let v be c(10). What is the greatest common divisor of 31 and v?
31
Let x(b) = 7*b + 2*b**2 - 2*b + b + 2 + 0*b. Let m be x(-4). What is the highest common factor of m and 40?
10
Suppose 9*f - 500 = 4*f. Let m(i) = -i**2 - i + 20. Let q be m(0). Calculate the greatest common factor of f and q.
20
Let t = 7 + -7. Let q be ((-4)/(-2))/(t - -1). What is the highest common factor of q and 2?
2
Let b(z) = 2*z**2 - 8*z - 4. Let d be b(6). Let g be 150/(-4)*d/(-15). Let n = -20 + 30. Calculate the greatest common divisor of n and g.
10
Suppose -5*x + 37 + 33 = 0. Suppose -x = -v - 7. Suppose 0*i + 3 = 3*i. What is the greatest common divisor of v and i?
1
Let v be 3*(24/9 + -2). Suppose 3*o - y - 3 = 0, -11 = -4*o + y - v*y. Let n be (18/(-15))/(o/(-15)). Calculate the greatest common factor of 3 and n.
3
Let i(a) = 9 - 6 + 3 - 5 + 50*a**2 + a. Let f be i(-1). Calculate the greatest common divisor of 10 and f.
10
Let o(q) = -q**2 - q - 8. Let s be o(-7). Let d be (-40)/s - 21/(-5). What is the greatest common factor of d and 45?
5
Let j(l) = 5*l**3 - 7*l**2 + 3*l + 4. Let g be j(3). Suppose 5*f = 0, -5*o + f + 4*f + 170 = 0. Calculate the highest common divisor of g and o.
17
Suppose 3*w = -2*x + 44, 7*w = 2*w + 10. Suppose 0 = -z + 21 + x. What is the highest common factor of z and 5?
5
Let l be (27/3)/((-12)/(-9) + -1). Calculate the highest common divisor of 108 and l.
27
Let m(r) = 3*r - 8. Let p be m(4). Suppose -p*u - 3 = -27. Calculate the highest common divisor of u and 18.
6
Suppose -n = -5*d, 6*n + 90 = n - 5*d. Let s be (120/18)/((-2)/n). What is the highest common divisor of 10 and s?
10
Let x(y) = -y**2 + 6*y. Let i = 16 - 11. Let u be x(i). Calculate the highest common divisor of u and 10.
5
Let a = -97 + 62. Let v = a + 62. Let x = v - 9. What is the highest common factor of 144 and x?
18
Let y(g) = -2*g - 7. Let q be y(-7). Suppose -q + 2 = -z. Suppose z*j - 115 = -0*j. Calculate the highest common divisor of j and 207.
23
Let f be (72/(-2))/((-4)/50). Suppose -3*o = 2*o - f. Calculate the greatest common divisor of 10 and o.
10
Let x(h) = -h**2 - 12*h - 6. Let o be x(-9). Calculate the greatest common divisor of 231 and o.
21
Let a be (8/10)/((-28)/(-490)). Calculate the highest common divisor of 28 and a.
14
Let n(q) = q**2 + 4*q - 6. Let v be n(-4). Let r be v/((-81)/24 - -3). What is the greatest common factor of r and 2?
2
Suppose 2*x + 197 = 49. Let r = x - -129. Calculate the highest common factor of 11 and r.
11
Let g(j) = -6*j**2 + 3*j + 7. Let t(z) = 7*z**2 - 2*z - 6. Let s(c) = -5*g(c) - 4*t(c). Let d be s(9). What is the greatest common divisor of 11 and d?
11
Suppose -d - 2 = -3*t - 20, -26 = -2*d - 4*t. Suppose 3*l = -2*l + 150. Calculate the highest common divisor of d and l.
15
Let k be ((-2)/(-5))/(3/75). Suppose 0 = 5*u - c - 79, -3*u + c + 34 = -15. Calculate the greatest common divisor of k and u.
5
Let a = -1 - -4. Suppose -2*g + 5*g + 5*r = 115, 0 = -a*r + 6. Suppose 5*q - 22 = 3. Calculate the highest common divisor of q and g.
5
Let y be (-1)/(10/4 + -3). Suppose 0*o - 1 = y*m + 5*o, -5*o = m + 8. Calculate the greatest common divisor of 56 and m.
7
Let p(o) = -4*o**3 + 3*o + 3*o**3 - 1 + 1 - 1 + 12*o**2. Let j be p(11). Calculate the highest common factor of j and 17.
17
Let r be 30/9 - (-4)/6. Calculate the highest common factor of r and 6.
2
Suppose -5*u - 2*i = -24, -i - 26 = -4*u - 6*i. What is the greatest common factor of 36 and u?
4
Let x be 1 + 2/((-12)/(-1362)). What is the greatest common divisor of 57 and x?
57
Let q be 64 + -1 - 0/(-9). What is the greatest common divisor of 7 and q?
7
Let c = 11 - 8. Let j = c + 9. Suppose -5*f = -27 - 33. Calculate the greatest common divisor of j and f.
12
Let b(c) = -c. Let r be b(0). Suppose r = 3*y + y - 16. Suppose y*i + 2*o = -o + 51, -5*i + 20 = -5*o. Calculate the highest common divisor of i and 54.
9
Let q(g) = 4*g - 16. Let k be q(8). Calculate the highest common factor of 40 and k.
8
Let l be ((-5)/(-3))/((-3)/(-9)). Let n = -1 + 6. Suppose 13 = -n*z + 88. What is the highest common factor of z and l?
5
Let f(t) = 2*t**2 + 12*t + 7. Let r be f(-8). Let h be 27 - -1 - 2/1. What is the greatest common divisor of r and h?
13
Let i be (-1)/2 + (-186)/(-12). Calculate the greatest common divisor of 45 and i.
15
Suppose -c + 6*i + 19 = 3*i, 0 = -4*c - 3*i + 16. Suppose -3*r = -346 - 113. Let x = r + -104. What is the highest common factor of x and c?
7
Let n(y) = -7*y**2 - 5*y - y**3 - 6*y - y**2 - 7 + 2*y. Let x be n(-7). Let l = 31 - -4. Calculate the highest common divisor of l and x.
7
Let n(q) = q. Let u be n(5). Suppose -u = -4*s - f, 0*s + 2*f = -s - 4. What is the highest common factor of 3 and s?
1
Let t be ((-2)/2)/(2/(-4)). Let y be (3*2)/(3/t). Suppose -2*b - 3 = -0*g + 5*g, -y*b = 5*g - 19. Calculate the highest common divisor of b and 121.
11
Let q be 3/4 + 87/12. What is the greatest common divisor of q and 104?
8
Let r = -1 + 3. Let m be 6 - -2 - (r - 2). Suppose -2*o + 46 = -4*x - 42, 0 = 3*o + 4*x - 112. What is the highest common divisor of m and o?
8
Suppose 0 = n - h + 1, 2*h + 6 = -4*n + 2. Let w(p) = -8*p**3 + 2*p**2 + p. Let c be w(n). What is the greatest common factor of c and 3?
3
Suppose 17 = 4*w - 7. Suppose -4*n + 0*n + j + 125 = 0, -105 = -3*n + 3*j. Calculate the greatest common factor of n and w.
6
Suppose 14 = 3*x - d - 6, 2*d + 35 = 5*x. What is the greatest common factor of x and 55?
5
Let o(l) = 2*l**2 - 11*l + 8. Let d be o(7). Let x = d - 16. Let b be 2/(-2) + 1 + x. What is the greatest common factor of b and 13?
13
Suppose -91 - 35 = -6*r. Calculate the greatest common factor of r and 189.
21
Let b = 23 + -20. Let m be (-256)/(-14) - 4/14. Suppose -i + b*f + 25 = 0, 0 = 5*f + 7 + m. Calculate the highest common factor of i and 1.
1
Suppose 5*d - 2*j = -14 - 15, -3*j = 9. Let y be 2 - (2 - (3 - d)). Let p = 3 - -1. Calculate the highest common factor of p and y.
2
Suppose 4*b - 2*b - 2*g - 22 = 0, -40 = -2*b - 4*g. What is the highest common divisor of b and 154?
14
Let t = 3 + 17. Let c(h) = -2*h**3. Let j be c(-2). Suppose 0 = 6*a - 2*a - j. What is the highest common divisor of t and a?
4
Let n be 46 + (-1 - 3) + -4. Calculate the greatest common divisor of n and 304.
38
Let n = -112 - -231. What is the highest common factor of 17 and n?
17
Let c = 11 - 6. Let t(i) = i**3 - 4*i**2 + 4*i. Let l be t(c). Suppose -y = 4*y - l. Calculate the highest common divisor of 9 and y.
9
Suppose h - 4*j = 44, -4*h + 116 = -0*j - 4*j. Let i be 344/28 - 2/7. Calculate the greatest common divisor of i and h.
12
Suppose 21 - 121 = -5*w. Let y = 27 + -23. Calculate the greatest common divisor of w and y.
4
Let n be (-24)/2*9/(-18). What is the highest common divisor of 48 and n?
6
Let n(o) = -o + 19. Suppose g = 2*x - 2*g + 2, -4*x - 4*g = -16. Let p = -2 + x. Let z be n(p). What is the highest common divisor of 19 and z?
19
Let o = 10 - -128. What is the greatest common factor of 92 and o?
46
Let r be (1 + 2)*(-75)/(-9). What is the greatest common divisor of r and 10?
5
Let h be 2/(-9) - (-326)/9. Suppose j + 2*j = -h. Let q(d) = d**3 + 11*d**2 - 14*d - 10. Let x be q(j). Calculate the greatest common factor of x and 35.
7
Let r be -131*(-7 + 4) - -3. Calculate the g